11, 373
Let m = 89 - 87. Suppose 1608 = 4*r + 3*c, m*r - 353 = -c + 453. What are the prime factors of r?
3, 5
Let z be 0/(2/2*(-10 - -9)). Suppose z = -5*c - 3*f + 2*f + 784, 5*c - 776 = f. What are the prime factors of c?
2, 3, 13
Suppose 0 = 5*s + 326 + 8934. Let p = 3181 + s. List the prime factors of p.
3, 443
Suppose -w + 3*g = -3311, -4*w - 2*g + 5756 = -7488. Suppose w = 4*c + 3*c. What are the prime factors of c?
11, 43
Suppose -22*f + 14*f + 8 = 0. List the prime factors of 14*f/(-2) - -519.
2
Let y(x) = 12*x + 25564. Let i be y(0). What are the prime factors of (1/(-4))/((-25571)/i + 1)?
11, 83
Let b(k) = 23*k**2 + 51*k - 27. Let w = -200 + 208. What are the prime factors of b(w)?
17, 109
Let a = -453 - -1291. Let c = 1420 - a. What are the prime factors of c?
2, 3, 97
Let a(m) = 112*m**2 + 16*m - 47. Let q be a(4). Let n = -550 + q. List the prime factors of n.
1259
List the prime factors of (-1206)/15*20/8*-16.
2, 3, 67
Let i(v) = -18 + v + v**3 + 1 - 4 - 5*v**2. What are the prime factors of i(6)?
3, 7
Let p(h) = h**3 + 17*h + 1. Suppose -5*s + 8 = -5*x + 48, -4*x - 4*s = 0. What are the prime factors of p(x)?
7, 19
Let u(h) = 4*h + 43. Let w be u(-10). Suppose 4*i + 1458 = 2*c + 7322, -2936 = -2*i + w*c. List the prime factors of i.
5, 293
Let k(s) be the third derivative of -3*s**6/20 - s**5/12 - s**4/8 - s**3/2 + 26*s**2 + 3*s. List the prime factors of k(-2).
127
Let g(r) = 493*r**3 + 7*r**2 - 27*r + 15. List the prime factors of g(4).
131, 241
Suppose -29*l + 39936 = -5*l. List the prime factors of l.
2, 13
Let u(l) = 7565*l - 51. List the prime factors of u(6).
3, 7, 17, 127
Let h be 3/(-9) + -5 + 138/(-18). Let c = h - -133. List the prime factors of c.
2, 3, 5
Let d be (-65 + 67)*(-1)/4*-6. Suppose -4*z = 3*v - 1074, -1070 = -4*z - 2*v - d*v. List the prime factors of z.
2, 3, 5
Let z = 361 + -388. Let t(c) = c**3 + 29*c**2 + 53*c - 21. List the prime factors of t(z).
2, 3
Suppose w + 10*w = 44. Suppose r = -w*r. Suppose -2*o + 4*o - 20 = r. List the prime factors of o.
2, 5
Let h(s) = 2*s**2 + 102*s + 199. List the prime factors of h(-80).
3, 1613
Suppose 10*u - 1230 = 9*u. What are the prime factors of u?
2, 3, 5, 41
Let l(v) = -5*v - 112. Let t be l(-23). Suppose -5*p + 1330 = 2*m - 3*p, m = t*p + 645. List the prime factors of m.
2, 3, 5, 11
Let b be ((-234)/4 + 0)/((-132)/264). Suppose -104*p + b*p - 22243 = 0. List the prime factors of p.
29, 59
Suppose 18*a - 7*a = 13805. Let r = 2409 - a. List the prime factors of r.
2, 577
List the prime factors of ((-11984)/36)/(76/(-342)).
2, 7, 107
Suppose -16*q + 0*q - 330 = -43258. List the prime factors of q.
2683
Let r(j) = 14*j - 7. Let s(v) be the second derivative of v**3/6 + v**2/2 + 26*v. Let g(d) = r(d) - s(d). What are the prime factors of g(8)?
2, 3
Let m(u) = -u**2 + 12. Let b be m(-3). Let q = -98 - -103. Suppose b*y - q*w - 250 = 0, 45 = y + 4*w - 10. What are the prime factors of y?
3, 5
Let k = 12644 - -7657. What are the prime factors of k?
3, 67, 101
Suppose -476288 = -60*m - 102*m + 34*m. What are the prime factors of m?
61
Let i = 154 + -77. Let u = 158 - i. Let c = u - -4. What are the prime factors of c?
5, 17
Suppose 0 = 23*j - 12*j - 99. List the prime factors of (1335/j - -3)*3.
2, 227
Let f(a) be the third derivative of 5*a**4/12 - 44*a**3/3 - 6*a**2. What are the prime factors of f(16)?
2, 3
Let x = 47462 + -27345. Suppose x = 17*y + 5106. List the prime factors of y.
883
Let w be -9*(-5)/15 + 0. Suppose -13 = -w*f - 7. What are the prime factors of -2 - -136 - f - 0?
2, 3, 11
Let w(c) be the first derivative of 2*c**3/3 + 23*c**2/2 - 180*c + 51. What are the prime factors of w(13)?
457
Suppose -2*p = -2*y - 69106, -508*p + 69122 = -506*p + 2*y. What are the prime factors of p?
3, 11519
Suppose -2*y + q = -3, y - 3*q - 8 = 1. Suppose y = 8*a - 5*a - 6. Suppose a*c = 86 + 78. List the prime factors of c.
2, 41
Let l be ((627/18)/(-11))/((-2)/12). List the prime factors of (1166 - 3)*(l - 18).
1163
Let t be 4 + (-10)/(0 + -2). Suppose 15 = 2*s - 3*p, t = 2*s - p + 4*p. Let m = 20 - s. What are the prime factors of m?
2, 7
Let z(j) = -1005*j + 104. List the prime factors of z(-7).
11, 59
Suppose g - 8902 - 3173 = 0. Suppose 25*w + g = 40*w. What are the prime factors of w?
5, 7, 23
Suppose -2*u - 2*c + 6 = 0, 0 = 2*u - 3*c - 13 - 3. Suppose -u*o + 110 = -3*d, 0*o - 70 = -5*o - 5*d. Let l = 146 + o. List the prime factors of l.
3, 5, 11
Let t(k) = 6*k - 57. Let i be t(11). Suppose 1 = -2*p + i, 4*p = 2*q - 1190. List the prime factors of q.
3, 67
Suppose 144 = 35*a - 32*a. Suppose t - 2*d - 31 = -7*d, -4*t = d - a. List the prime factors of t.
11
Suppose 45*u = j + 44*u - 37985, 0 = 12*j + 2*u - 455778. List the prime factors of j.
2, 7, 2713
Suppose 4*y = -5*z + 1790, -10*y + 6*y = 2*z - 1772. What are the prime factors of y?
2, 5, 11
Suppose -3*d - 6 = 0, 122*d - 64756 = -2*f + 126*d. List the prime factors of f.
2, 16187
Let z(k) be the first derivative of -7*k**3/3 + k**2 - 2*k - 5. Let p be z(2). Let s = 5 - p. List the prime factors of s.
31
Suppose -4*l - 19 = -u + 42, -u - 19 = l. List the prime factors of 106/9 - l/72.
2, 3
Suppose 4*l = 16*l - 24. Suppose 0*c + 2*c = -5*q + 36, -c = -5*q + 27. What are the prime factors of q/12 - (-145)/l?
73
Let f = -4 - -2. Let w be 3 + 32 + (-6 - f). Let b = 20 + w. List the prime factors of b.
3, 17
List the prime factors of (39/(-9))/(-13)*(-2 + 6830).
2, 569
Let k = 3 + 2. Suppose -4*r + 3*d + 901 = 0, -k*r = -2*r - 2*d - 676. List the prime factors of r.
2, 113
Let i be (296/28)/(-2) - (-4)/14. Let w be 78 - i/((-15)/9). Let g = 232 - w. List the prime factors of g.
157
Suppose -26268 = -6*c + 3*m, 4380 = -2*c + 3*c - m. What are the prime factors of c?
2, 547
Let w(n) = 42903*n + 3122. What are the prime factors of w(2)?
2, 7, 397
Suppose 6*j - 357 = 3*j. Let w = 37 - 115. Let q = j + w. List the prime factors of q.
41
Let d(x) = -731*x**3 + x**2 + 2*x - 9. What are the prime factors of d(-3)?
3, 6577
Let v(a) = 5*a**2 - 15*a - 48. Let n(t) = 24*t**2 - 77*t - 240. Let h(f) = -2*n(f) + 11*v(f). List the prime factors of h(-11).
2, 5, 23
Let t = 22 - 31. Let g be t/(-2) + (-7)/14. Suppose j - 41 = 3*l + 42, 5*l = g*j - 360. List the prime factors of j.
5, 19
Suppose 84 = 6*h - 6. List the prime factors of 620/h + 4/6.
2, 3, 7
Suppose 7*h + 7*h - 18132 = 2*h. What are the prime factors of h?
1511
Let b be -11835*(65/(-15))/13. Suppose 30*y = 5895 + b. What are the prime factors of y?
2, 41
List the prime factors of 52/8 - 939309/(-42).
3, 7457
Let x(n) = -n**2 + 4*n + 5. Let g be x(-3). Let q = 17 + g. What are the prime factors of (216/16)/(q/2)?
3
Let c be (-2 + 6/9)/((-5)/15). Suppose 30 = c*z + 14. Suppose u + 4*a - 99 = 96, -4*a = -z*u + 820. List the prime factors of u.
7, 29
Let q = 176 + -173. Suppose -5*c + 3 = -17. Suppose 0 = q*h - 9, 0*m = -m + c*h + 199. What are the prime factors of m?
211
Let b(s) be the second derivative of -s**5/20 + 5*s**4/24 - 8*s**3/3 - 19*s. Let p(t) be the second derivative of b(t). List the prime factors of p(-13).
83
Let i = 187 + -190. Let t(y) = -17*y**3 - y**2 - y + 3. List the prime factors of t(i).
2, 3, 19
Suppose 4 = -4*k + 2*d + 8, -5*d = 0. What are the prime factors of 4 + -5 - (k - 805)?
11, 73
Suppose 3*z - 14*z = -22. Suppose -4*s - 3*m = z*m - 1515, 4*m + 4 = 0. List the prime factors of s.
2, 5, 19
Let f be (4 - 6)/2 - -50. Let d be 4 - (-16 - 3)*f. Suppose d = -6*g + 11*g. What are the prime factors of g?
11, 17
List the prime factors of 913488/96 + (-1)/((-6)/21).
3, 19, 167
Let c = -49 - -61. Suppose -16 = -c*z + 8. List the prime factors of (-2)/5*(4/z + -512).
2, 3, 17
Let z = 6863 + -661. What are the prime factors of z?
2, 7, 443
Let o = -1330 + 2429. List the prime factors of o.
7, 157
Let t be (-4 + 5)/((-1)/74). Let z = t + -80. Let j = -117 - z. What are the prime factors of j?
37
Suppose 0*p + 372819 = 8*p + 133507. List the prime factors of p.
2, 14957
Let w be (-11)/((-55)/830) - -4. Let t be 89 + -3 + 0 + -3. Let n = w - t. What are the prime factors of n?
3, 29
Let i(x) = 47*x**2 + 104*x + 70. What are the prime factors of i(13)?
5, 1873
Let j(h) = 8*h - 22. Let k(w) = -3*w**2 + 4*w**2 + 26*w - 6 - 6. Let g be k(-27). List the pr